e remainder when 210 is divided by 43?
38
What is the remainder when 20513 is divided by 21?
17
What is the remainder when 28 is divided by 19?
9
Calculate the remainder when 219 is divided by 110.
109
Calculate the remainder when 58 is divided by 40.
18
What is the remainder when 61 is divided by 9?
7
Calculate the remainder when 232 is divided by 174.
58
Calculate the remainder when 1557 is divided by 82.
81
Calculate the remainder when 547 is divided by 138.
133
Calculate the remainder when 258 is divided by 52.
50
What is the remainder when 252 is divided by 61?
8
What is the remainder when 1370 is divided by 341?
6
What is the remainder when 23503 is divided by 16?
15
What is the remainder when 954 is divided by 29?
26
What is the remainder when 110 is divided by 19?
15
Calculate the remainder when 134 is divided by 90.
44
What is the remainder when 961 is divided by 4?
1
Calculate the remainder when 77 is divided by 7.
0
Calculate the remainder when 118 is divided by 60.
58
Calculate the remainder when 378 is divided by 96.
90
Calculate the remainder when 783 is divided by 131.
128
Calculate the remainder when 780 is divided by 23.
21
What is the remainder when 303 is divided by 9?
6
What is the remainder when 1215 is divided by 11?
5
What is the remainder when 175 is divided by 88?
87
Calculate the remainder when 119 is divided by 63.
56
Calculate the remainder when 2293 is divided by 51.
49
What is the remainder when 817 is divided by 39?
37
What is the remainder when 99 is divided by 53?
46
Calculate the remainder when 2813 is divided by 167.
141
What is the remainder when 264 is divided by 53?
52
Calculate the remainder when 103 is divided by 71.
32
Calculate the remainder when 1651 is divided by 64.
51
Calculate the remainder when 2103 is divided by 117.
114
What is the remainder when 1120 is divided by 102?
100
What is the remainder when 55 is divided by 28?
27
What is the remainder when 130 is divided by 92?
38
What is the remainder when 7439 is divided by 30?
29
What is the remainder when 241 is divided by 18?
7
What is the remainder when 131 is divided by 12?
11
What is the remainder when 596 is divided by 60?
56
What is the remainder when 462 is divided by 459?
3
What is the remainder when 188 is divided by 63?
62
What is the remainder when 167 is divided by 19?
15
What is the remainder when 921 is divided by 14?
11
Calculate the remainder when 241 is divided by 19.
13
Calculate the remainder when 135 is divided by 83.
52
Calculate the remainder when 523 is divided by 25.
23
Calculate the remainder when 447 is divided by 219.
9
Calculate the remainder when 697 is divided by 176.
169
Calculate the remainder when 30 is divided by 9.
3
Calculate the remainder when 400 is divided by 379.
21
Calculate the remainder when 937 is divided by 239.
220
What is the remainder when 121 is divided by 35?
16
Calculate the remainder when 1584 is divided by 314.
14
What is the remainder when 130 is divided by 24?
10
Calculate the remainder when 11271 is divided by 20.
11
Calculate the remainder when 1563 is divided by 18.
15
What is the remainder when 384 is divided by 146?
92
What is the remainder when 184 is divided by 43?
12
Calculate the remainder when 193 is divided by 41.
29
What is the remainder when 1735 is divided by 4?
3
What is the remainder when 238 is divided by 27?
22
Calculate the remainder when 408 is divided by 41.
39
What is the remainder when 1212 is divided by 15?
12
What is the remainder when 55 is divided by 7?
6
What is the remainder when 5087 is divided by 96?
95
What is the remainder when 161 is divided by 55?
51
Calculate the remainder when 734 is divided by 557.
177
What is the remainder when 49 is divided by 4?
1
Calculate the remainder when 211 is divided by 24.
19
What is the remainder when 238 is divided by 16?
14
What is the remainder when 130 is divided by 66?
64
What is the remainder when 264 is divided by 19?
17
What is the remainder when 277 is divided by 83?
28
Calculate the remainder when 212 is divided by 44.
36
What is the remainder when 1037 is divided by 20?
17
Calculate the remainder when 1463 is divided by 98.
91
Calculate the remainder when 297 is divided by 271.
26
Calculate the remainder when 160 is divided by 31.
5
Calculate the remainder when 737 is divided by 68.
57
What is the remainder when 75 is divided by 63?
12
What is the remainder when 11930 is divided by 9?
5
What is the remainder when 77 is divided by 11?
0
Calculate the remainder when 1005 is divided by 97.
35
Calculate the remainder when 11495 is divided by 25.
20
Calculate the remainder when 66 is divided by 61.
5
What is the remainder when 258 is divided by 43?
0
Calculate the remainder when 1650 is divided by 209.
187
What is the remainder when 710 is divided by 42?
38
What is the remainder when 229 is divided by 63?
40
What is the remainder when 325 is divided by 49?
31
What is the remainder when 20 is divided by 3?
2
What is the remainder when 155 is divided by 19?
3
Calculate the remainder when 23 is divided by 10.
3
What is the remainder when 574 is divided by 36?
34
What is the remainder when 436 is divided by 7?
2
Calculate the remainder when 215 is divided by 51.
11
Calculate the remainder when 646 is divided by 93.
88
Calculate the remainder when 123 is divided by 16.
11
What is the remainder when 23952 is divided by 59?
57
What is the remainder when 4513 is divided by 15?
13
Calculate the remainder when 96 is divided by 52.
44
What is the remainder when 1403 is divided by 17?
9
Calculate the remainder when 149 is divided by 46.
11
What is the remainder when 127 is divided by 46?
35
What is the remainder when 170 is divided by 35?
30
What is the remainder when 965 is divided by 294?
83
Calculate the remainder when 337 is divided by 87.
76
Calculate the remainder when 370 is divided by 234.
136
What is the remainder when 90 is divided by 64?
26
What is the remainder when 645 is divided by 18?
15
What is the remainder when 898 is divided by 90?
88
What is the remainder when 109 is divided by 29?
22
What is the remainder when 126 is divided by 21?
0
What is the remainder when 843 is divided by 47?
44
What is the remainder when 134 is divided by 28?
22
What is the remainder when 665 is divided by 18?
17
What is the remainder when 452 is divided by 65?
62
Calculate the remainder when 37 is divided by 3.
1
Calculate the remainder when 8553 is divided by 107.
100
What is the remainder when 10662 is divided by 124?
122
Calculate the remainder when 8104 is divided by 3.
1
What is the remainder when 361 is divided by 144?
73
Calculate the remainder when 816 is divided by 46.
34
What is the remainder when 51 is divided by 11?
7
What is the remainder when 444 is divided by 18?
12
Calculate the remainder when 240 is divided by 112.
16
Calculate the remainder when 422 is divided by 45.
17
What is the remainder when 258 is divided by 52?
50
Calculate the remainder when 957 is divided by 12.
9
What is the remainder when 2834 is divided by 37?
22
What is the remainder when 465 is divided by 37?
21
What is the remainder when 199 is divided by 41?
35
What is the remainder when 362 is divided by 142?
78
What is the remainder when 1458 is divided by 725?
8
What is the remainder when 1563 is divided by 379?
47
Calculate the remainder when 19212 is divided by 45.
42
What is the remainder when 417 is divided by 22?
21
What is the remainder when 421 is divided by 142?
137
Calculate the remainder when 484 is divided by 156.
16
Calculate the remainder when 23 is divided by 9.
5
Calculate the remainder when 166 is divided by 28.
26
What is the remainder when 32485 is divided by 248?
245
What is the remainder when 18 is divided by 14?
4
What is the remainder when 1367 is divided by 339?
11
Calculate the remainder when 2700 is divided by 334.
28
What is the remainder when 6015 is divided by 172?
167
What is the remainder when 203 is divided by 6?
5
Calculate the remainder when 454 is divided by 123.
85
What is the remainder when 228 is divided by 41?
23
Calculate the remainder when 219 is divided by 76.
67
Calculate the remainder when 12903 is divided by 9.
6
What is the remainder when 155 is divided by 32?
27
What is the remainder when 939 is divid